ase 12?
-2
31 (base 6) to base 5
34
What is -10101110 (base 2) in base 14?
-c6
Convert 1 (base 9) to base 12.
1
What is 57 (base 13) in base 15?
4c
-28 (base 11) to base 16
-1e
22 (base 4) to base 13
a
-38 (base 10) to base 13
-2c
-46 (base 7) to base 6
-54
What is -25 (base 6) in base 8?
-21
-222 (base 7) to base 12
-96
What is 7 (base 9) in base 6?
11
Convert 1 (base 13) to base 9.
1
3 (base 12) to base 9
3
What is -3 (base 9) in base 6?
-3
18b (base 15) to base 14
1b6
Convert -90 (base 13) to base 15.
-7c
Convert 41 (base 7) to base 5.
104
Convert -10 (base 6) to base 15.
-6
What is 74 (base 12) in base 4?
1120
106 (base 7) to base 5
210
5 (base 8) to base 6
5
Convert 41 (base 13) to base 4.
311
Convert -8 (base 16) to base 9.
-8
Convert -10 (base 14) to base 8.
-16
What is 66 (base 13) in base 15?
59
What is -10 (base 16) in base 13?
-13
What is 177 (base 9) in base 14?
ab
What is 2b (base 13) in base 16?
25
What is -29 (base 10) in base 3?
-1002
-132 (base 7) to base 16
-48
Convert 20 (base 3) to base 4.
12
Convert -9 (base 10) to base 14.
-9
-1 (base 12) to base 6
-1
What is 133 (base 4) in base 16?
1f
Convert -63 (base 9) to base 4.
-321
6 (base 9) to base 4
12
54 (base 8) to base 11
40
What is -2c (base 14) in base 9?
-44
What is -75 (base 15) in base 3?
-11002
21120 (base 3) to base 11
176
Convert -1031 (base 5) to base 9.
-166
What is -10 (base 3) in base 5?
-3
What is -4 (base 9) in base 13?
-4
What is -10 (base 4) in base 11?
-4
Convert -3 (base 16) to base 3.
-10
Convert 22 (base 4) to base 7.
13
130 (base 5) to base 4
220
20 (base 12) to base 5
44
-1 (base 9) to base 16
-1
-2 (base 9) to base 4
-2
1 (base 9) to base 13
1
Convert -53 (base 8) to base 15.
-2d
What is 0 (base 6) in base 8?
0
Convert -3 (base 9) to base 4.
-3
Convert 4 (base 14) to base 3.
11
-102 (base 8) to base 6
-150
-5 (base 11) to base 13
-5
48 (base 14) to base 8
100
28 (base 12) to base 6
52
-19 (base 12) to base 11
-1a
32 (base 4) to base 6
22
Convert 3 (base 9) to base 10.
3
20 (base 4) to base 3
22
Convert 3 (base 11) to base 6.
3
Convert 11 (base 9) to base 3.
101
11002 (base 3) to base 15
75
-4 (base 10) to base 6
-4
Convert 20 (base 9) to base 15.
13
-127 (base 8) to base 5
-322
Convert 2202 (base 3) to base 6.
202
What is -7c (base 15) in base 7?
-225
What is 12 (base 15) in base 3?
122
What is -20 (base 14) in base 15?
-1d
12 (base 13) to base 5
30
2 (base 5) to base 10
2
13 (base 10) to base 8
15
Convert 1120 (base 3) to base 16.
2a
4 (base 10) to base 16
4
What is -2 (base 12) in base 11?
-2
Convert 207 (base 9) to base 3.
20021
What is 61 (base 9) in base 11?
50
What is 2 (base 11) in base 13?
2
What is -137 (base 10) in base 13?
-a7
Convert 100 (base 2) to base 16.
4
1100111 (base 2) to base 6
251
What is -1 (base 4) in base 14?
-1
What is 23 (base 13) in base 5?
104
-112 (base 7) to base 4
-322
-4 (base 6) to base 11
-4
Convert -3 (base 11) to base 4.
-3
-13 (base 7) to base 6
-14
Convert 2232 (base 4) to base 14.
c6
What is -2 (base 12) in base 9?
-2
Convert a (base 11) to base 13.
a
What is -53 (base 6) in base 15?
-23
What is 16 (base 11) in base 5?
32
What is -34 (base 9) in base 5?
-111
What is 3 (base 14) in base 9?
3
What is -365 (base 7) in base 14?
-dc
What is 1 (base 13) in base 11?
1
What is -2020 (base 4) in base 3?
-12001
Convert 53 (base 7) to base 11.
35
-2 (base 7) to base 4
-2
What is 3 (base 10) in base 6?
3
210 (base 3) to base 9
23
-311 (base 4) to base 13
-41
What is 4 (base 9) in base 2?
100
What is -51 (base 6) in base 10?
-31
Convert -2c (base 14) to base 15.
-2a
What is 121 (base 3) in base 6?
24
What is -1 (base 5) in base 10?
-1
What is 5 (base 9) in base 10?
5
Convert -131 (base 8) to base 7.
-155
Convert 5 (base 9) to base 4.
11
Convert 23 (base 6) to base 2.
1111
What is -12 (base 5) in base 12?
-7
Convert -1210 (base 3) to base 6.
-120
What is 33 (base 6) in base 13?
18
4 (base 13) to base 12
4
-4 (base 9) to base 3
-11
4 (base 5) to base 4
10
Convert 101 (base 4) to base 8.
21
What is -6 (base 11) in base 6?
-10
-a (base 14) to base 3
-101
What is 212 (base 3) in base 14?
19
450 (base 7) to base 10
231
What is -aa (base 11) in base 5?
-440
What is -3 (base 8) in base 14?
-3
0 (base 6) to base 11
0
Convert -3 (base 8) to base 4.
-3
-2 (base 12) to base 4
-2
Convert 99 (base 10) to base 16.
63
What is -a7 (base 15) in base 7?
-313
What is -110001 (base 2) in base 6?
-121
Convert 124 (base 8) to base 4.
1110
Convert -4 (base 8) to base 15.
-4
Convert -9 (base 11) to base 8.
-11
Convert -101011 (base 3) to base 14.
-158
What is -112 (base 5) in base 3?
-1012
Convert 31 (base 10) to base 4.
133
What is -232 (base 4) in base 3?
-1201
What is -305 (base 8) in base 16?
-c5
What is -2 (base 11) in base 15?
-2
What is -1222 (base 4) in base 10?
-106
-4 (base 15) to base 14
-4
-2 (base 10) to base 12
-2
-3 (base 9) to base 5
-3
3 (base 11) to base 12
3
-2 (base 3) to base 8
-2
What is 12 (base 14) in base 8?
20
What is 12 (base 10) in base 13?
c
5 (base 16) to base 11
5
-1 (base 2) to base 8
-1
1 (base 11) to base 3
1
What is -9 (base 14) in base 11?
-9
Convert 10110 (base 2) to base 14.
18
-6 (base 14) to base 12
-6
-25 (base 8) to base 4
-111
What is 40 (base 13) in base 4?
310
Convert -63 (base 9) to base 10.
-57
22 (base 3) to base 16
8
What is -3 (base 13) in base 10?
-3
Convert -331 (base 5) to base 10.
-91
What is 10 (base 2) in base 4?
2
21 (base 7) to base 2
1111
What is 3 (base 8) in base 16?
3
Convert 10 (base 3) to base 5.
3
What is -13 (base 15) in base 16?
-12
5 (base 10) to base 8
5
5 (base 13) to base 7
5
-2 (base 13) to base 16
-2
-11 (base 2) to base 10
-3
Convert -2 (base 3) to base 15.
-2
Convert 13 (base 9) to base 15.
c
What is 24 (base 8) in base 7?
26
What is 0 (base 7) in base 15?
0
What is 61 (base 8) in base 5?
144
What is -16 (base 11) in base 6?
-25
What is 11 (base 16) in base 4?
101
Convert 76 (base 12) to base 8.
132
26 (base 10) to base 2
11010
6 (base 7) to base 5
11
Convert 3 (base 4) to base 5.
3
Convert -25 (base 11) to base 12.
-23
Convert 9 (base 14) to base 13.
9
Convert -1 (base 6) to base 2.
-1
-142 (base 5) to base 15
-32
What is -9 (base 12) in base 13?
-9
-2 (base 4) to base 15
-2
Convert 1 (base 2) to base 4.
1
3 (base 13) to base 15
3
What is 2132 (base 4) in base 14?
b4
Convert 0 (base 2) to base 7.
0
Convert -4 (base 5) to base 9.
-4
Convert 5 (base 7) to base 16.
5
What is -223 (base 4) in base 3?
-1121
7 (base 9) to base 10
7
Convert 35 (base 14) to base 7.
65
Convert -2 (base 3) to base 11.
-2
What is -1 (base 6) in base 14?
-1
What is -64 (base 7) in base 12?
-3a
Convert 55 (base 12) to base 9.
72
-37 (base 10) to base 5
-122
What is -143 (base 5) in base 16?
-30
What is 10 (base 4) in base 13?
4
-3 (base 8) to base 15
-3
Convert 21 (base 5) to base 10.
11
What is 3 (base 13) in base 12?
3
What is -2 (base 3) in base 2?
-10
10 (base 8) to base 7
11
What is -12 (base 12) in base 14?
-10
What is 1003 (base 5) in base 10?
128
111 (base 3) to base 11
12
Convert 10020 (base 3) to base 6.
223
Convert -2 (base 13) to base 12.
-2
2 (base 3) to base 6
2
103 (base 4) to base 16
13
Convert 46 (base 7) to base 9.
37
Convert 6 (base 8) to base 13.
6
Convert 23 (base 4) to base 11.
10
What is -121 (base 5) in base 6?
-100
What is -2 (base 3) in base 10?
-2
What is -4 (base 12) in base 5?
-4
What is 3 (base 12) in base 14?
3
What is -1 (base 14) in base 7?
-1
What is -150 (base 6) in base 14?
-4a
Convert -2 (base 12) to base 11.
-2
What is 1 (base 6) in base 15?
1
Convert -3a (base 16) to base 3.
-2011
Convert 76 (base 10) to base 4.
1030
-4 (base 13) to base 16
-4
What is 14 (base 5) in base 8?
11
Convert -10 (base 5) to base 6.
-5
Convert 13 (base 12) to base 6.
23
Convert 4 (base 12) to base 4.
10
Convert -29 (base 16) to base 7.
-56
Convert 46 (base 9) to base 15.
2c
-6 (base 10) to base 11
-6
Convert 3 (base 9) to base 13.
3
Convert -286 (base 11) to base 4.
-11100
-29 (base 12) to base 6
-53
What is -11 (base 4) in base 8?
-5
Convert 0 (base 2) to base 3.
0
Convert -3d (base 15) to base 13.
-46
Convert 102 (base 4) to base 12.
16
2c (base 13) to base 14
2a
Convert 56 (base 16) to base 4.
1112
234 (base 5) to base 15
49
-1c (base 13) to base 16
-19
-14 (base 5) to base 10
-9
Wha